+ 67*h - 776. Determine o(-10).
7
Let b(s) be the second derivative of 2*s**5/5 - s**3/6 - 6*s. Suppose -g - 6*n + 41 = 0, -4*g = -n + 45 - 34. Give b(g).
-7
Let p(v) = 2*v**3 + 56*v**2 - 14*v + 39. Let i(h) = h**3 + 25*h**2 - 7*h + 18. Let s(o) = -7*i(o) + 3*p(o). Let n = 11 + -19. Determine s(n).
-1
Let l(s) = 3*s**3 + s**2. Suppose 23*p - 7*p - 32 = -16*p. Determine l(p).
4
Let j = 49 + -47. Suppose s + 3*n = 11, -2*s - j*n = -0*n - 6. Let f(a) be the third derivative of a**5/30 - a**4/24 + 4*a**2. Give f(s).
3
Let v be 78/(-52)*2*-1. Let r(j) = 7 - 3*j - 19 - j**v - j**2 + 2*j**3 + 11. Calculate r(-2).
-7
Let j = -22 + -178. Let o = -197 - j. Let b(a) = -3*a**2 + 2*a + 3. Give b(o).
-18
Let l be (-3)/5 + (-1161)/(-135). Let r(w) be the second derivative of 1/12*w**4 + 1/2*w**2 + 0 - 1/6*w**3 + l*w. Determine r(5).
21
Let s be 2/(-3*4/42). Let u(q) = 6*q**2 - 19*q + 33. Let m(k) = -k**2 + 2*k - 2. Let j(y) = 7*m(y) + u(y). Give j(s).
5
Let n(g) be the third derivative of -g**4/8 + 17*g**3 + 146*g**2. Let p be n(35). Let r(z) = z**2 + 4*z - 1. Determine r(p).
-4
Let t(a) = a**3 + 4*a**2 + 2*a - 6. Suppose -70 = 2959*j - 2945*j. Give t(j).
-41
Let g = -499 - -501. Suppose -3*p - 2*j + 3 + 12 = 0, 0 = -g*j. Let c(l) = -l + 3. Let a(t) = t - 3. Let f(v) = 5*a(v) + 4*c(v). What is f(p)?
2
Let n be 34/(-14)*(-50)/((-850)/119). Let r(o) = -6 - 6*o + o - 12 + 4*o. Give r(n).
-1
Let o(a) = -93 + 49 + 112 - 74 - 3*a. Let v = 10 - 4. What is o(v)?
-24
Let b(t) be the third derivative of 7*t**4/24 + 7*t**3/6 - 50*t**2. Let m(o) = -12*o - 12. Let p(q) = -5*b(q) - 3*m(q). Determine p(6).
7
Let o(b) = -24*b - 1667. Let d(n) = n + 71. Let u(r) = 94*d(r) + 4*o(r). Let h(z) = z**3 + 7*z**2 + 6*z + 4. Let w be h(-6). Determine u(w).
-2
Let p(r) be the second derivative of -21/2*r**2 - 2/3*r**3 + 43*r + 0. Let t be p(-4). Let x(c) = -c**3 - 4*c**2 + 7*c + 7. Calculate x(t).
-3
Let f(b) be the third derivative of -b**7/1680 + 17*b**6/720 + 41*b**5/10 + 81*b**2. Let n(p) be the third derivative of f(p). Calculate n(6).
-1
Let m(w) be the second derivative of -w**5/60 + w**4/4 - w**3 + w**2 - 41*w - 1. Let d(z) be the first derivative of m(z). Suppose 16 = 5*l - 14. What is d(l)?
-6
Let y(i) = 8*i + 67. Suppose 2*s + 36 = -5*n, -3*s + 66*n - 12 = 63*n. Calculate y(s).
3
Suppose 0 = -2*z + 5*g - 10, -6*g = 2*z - 2*g + 10. Let q(n) be the first derivative of -n**4/2 - 11*n**3/3 - 7*n**2/2 - 6*n - 6039. Give q(z).
4
Let r(g) be the first derivative of -7*g - 5/2*g**2 + 12 + 1/3*g**3. What is r(7)?
7
Suppose -3*n + 9 = -0*n. Suppose 3*x + 3 + 3 = n*h, 0 = x + 5*h - 28. Let c(s) = -2 + 6 - 7*s**2 + s**x - 2 + 6*s. What is c(6)?
2
Let g(h) be the second derivative of 2*h**3/3 + 19*h**2/2 + 1765*h. Determine g(-4).
3
Let b be 200/(-60)*(-72)/(-15). Let z(u) = 2*u**3 + 32*u**2 + 3*u + 34. Let g be z(b). Let h(t) = -t**3 - 13*t**2 + 15*t + 13. Determine h(g).
-1
Suppose 3 = -4*g + g. Suppose -4*f - 28 = -4*n, n = 4*f + 2 + 5. Let d(k) = n*k + 53 - 53. Give d(g).
-7
Let q be ((-5)/(-15))/((-12)/(-252)). Let x(d) = d**3 - 6*d**2 - 11*d + 10. Give x(q).
-18
Let b(y) = -y**2 - y - 4. Let q(h) = -7*h + 102. Let c be (-5 - -9)*4 + (-3 - -2). Let i be q(c). Calculate b(i).
-10
Let h(v) = -28*v + 110. Suppose -60 = -23*f - 74 + 106. Calculate h(f).
-2
Let l(a) be the third derivative of -13*a**6/120 + a**5/30 - a**4/12 + a**3/6 + a**2. Let b be (-6772)/(-18) + (-22)/99. Let z = b + -375. Give l(z).
-12
Let w(d) = 15*d - 14. Let x be w(1). Let j(t) = -t. Suppose 0 + 2 = -2*a. Let o(l) = 2*l - 3. Let g(m) = a*j(m) + x*o(m). Give g(-3).
-12
Suppose -4*f = -2*f - 4. Let m(z) = 2329737 - 2*z + 4*z - 2329734. Give m(f).
7
Suppose -13*t = -6*t + 42. Let k(h) = -5*h**2 - 16*h - 2. Let y(p) = -p**2 - 3*p. Let s(r) = t*y(r) + k(r). Calculate s(-2).
-2
Let z(d) = -9*d + 39*d - d + 21*d - 6 - 3. Give z(1).
41
Let k = -54 - -7. Suppose -25*x - 686 = -11*x. Let a = x - k. Let s(l) = l**2 + 2. Give s(a).
6
Suppose -9 = -5*i - 24. Let k(z) = -7*z + 4. Let n(m) = 8*m - 6. Let f(b) = i*k(b) - 2*n(b). Suppose -5*t - 1 = -6*t. Determine f(t).
5
Suppose 2*k - 4539*u + 4536*u + 5 = 0, 4*k - 5 = u. Suppose z = 2*p - 6, 10 = -z + 2*z + 2*p. Let i(b) = -b**3 - b - z + b**2 + 3*b + 0*b. Determine i(k).
-2
Let o(w) be the first derivative of -11*w**2/2 + 27*w - 5573. Give o(7).
-50
Let c(x) = 16*x**2 + x**3 + 36 + 5 + 109*x - 107*x + 0*x**3 + 3*x**2. Calculate c(-19).
3
Let w(y) = -103*y**2 - y + 1. Let f be (-24)/(-17 + -7)*-1. What is w(f)?
-101
Let d(n) = 8*n + 6 + 36*n**2 + 34*n**2 + 25*n**2 - 91*n**2. Determine d(-1).
2
Let f(z) = 46*z**2 + 81*z - 17. Let i(v) = 21*v**2 + 39*v - 9. Let a(p) = -4*f(p) + 9*i(p). What is a(-6)?
5
Suppose -2*k + 41 + 31 = 0. Suppose k*m - 31*m = 10. Suppose -m*n + 36 = 44. Let q(o) = -o**3 - 5*o**2 - 2*o + 1. Calculate q(n).
-7
Let a = -2504 - -2495. Let f(o) = -46*o - 417. Calculate f(a).
-3
Let d(b) = b + 30. Let y(q) = -5. Let p(m) = 5*d(m) + 30*y(m). Suppose -6*v - 13 = 3*o - v, 5*o - 3 = 4*v. Let u be 13/(-4) - o/4. Calculate p(u).
-15
Let z(o) = 18*o**2 - 18*o + 65. Let t(x) = 4*x**2 + 19. Let p(v) = 4*t(v) - z(v). Give p(10).
-9
Let n(d) be the first derivative of -d**2 - 2*d + 2. Let v be 4/46 - (-19 - 2429/(-161)). Determine n(v).
-10
Suppose -10 = 5*v, 23*y + 157 = 28*y + 4*v. Let z(c) = -c**3 + 36*c**2 - 101*c + 71. Give z(y).
5
Let j(r) = 2*r + 1. Let b(a) be the third derivative of a**6/120 - 2*a**5/15 + a**4/4 + 7*a**3/3 + 3*a**2 + 1. Let w be b(7). Determine j(w).
15
Suppose -z - 14 = -2*z - 4*g, 4*z + 5*g = 23. Let o(b) = -179 + 182 - 2*b + 4*b**z + b**2 - b**3. Let m(x) = -7*x - 52. Let q be m(-8). Give o(q).
11
Let y be (-1)/(2 + 22/(-12)). Let i = -159 + 159. Let c(k) = 174*k + i*k**2 - 3 - 3*k**3 + 2*k**3 - 5*k**2 - 84*k - 86*k. Determine c(y).
9
Suppose 4*s - 48 = -2*u + 28, 4*u = 2*s - 28. Suppose -2*g + 0 = 3*r + 2, 0 = -r - 5*g - s. Let t(f) = 4*f - f**r + 3*f**2 + 2*f**2 + 2. What is t(-2)?
10
Let b(u) = 3*u**2 - 4*u + 4. Let v(c) = -2*c**2 - 2 - 4 + 1 + 5*c. Let s(h) = -3*b(h) - 4*v(h). Suppose -14*y + 71 - 183 = 0. Give s(y).
8
Let f(s) = 3*s**2 + 9*s - 2. Suppose -71*x - 810 = 40*x + 24*x. Give f(x).
52
Let d(v) = -40261*v**2 + 40259*v**2 + 9 + 209 - 36*v. Determine d(5).
-12
Let r(p) be the first derivative of -9*p**2/2 - p - 2. Suppose -5*m = -q - 2 - 55, 36 = 2*m + 4*q. Suppose 4*g + 2*n = -m, -g + 0*n + 3 = -n. What is r(g)?
8
Suppose 410*s - 380 = 486*s. Let a(i) be the first derivative of -i**2/2 + i + 2. Determine a(s).
6
Let x(j) = 2*j + 3. Suppose 0 = -13*a + 2135 - 6776. Let q = a + 361. Determine x(q).
11
Let f = -1532 + 1524. Let r(x) = -15*x - 126. Calculate r(f).
-6
Let h = 382 - 598. Let t = -210 - h. Let c(i) = i**3 - 5*i**2 - 4*i - 4. What is c(t)?
8
Let c(s) = -16*s - 53. Let j(r) = 14*r + 53. Let m(a) = -3*c(a) - 4*j(a). What is m(-8)?
11
Let z(b) = -b**3 - 7*b**2 - 2*b + 50. Let i = -14067 - -14062. Calculate z(i).
10
Let n(d) be the third derivative of d**4/4 + d**3 - 2*d**2 - 5269*d. Let v = 7 - 2. Determine n(v).
36
Suppose -5*b = 3*k - 56, -k = 4*b + 3*k - 40. Let m = 15 - b. Let o(l) = -5*l**2 - 3*l + 3. Calculate o(m).
-23
Suppose -j = -4*j. Suppose 26 = -60*i + 73*i. Let m(f) = -5*f + 2 + 1 - 14 + f**i + 0*f + 6*f. What is m(j)?
-11
Let i(h) = h**2 - 5*h - 8. Let m = 429 + -425. Suppose 0 = m*p - 16, -4*p - 24 = -4*k - 3*p. Calculate i(k).
6
Let n(a) = 3*a - 60 + 182 - 5*a**2 - 119 + a**3. What is n(4)?
-1
Let s(l) = l**3 + l + 2. Let k be 52/6 - 1/(-3). Suppose 3*b = h + k, -2*h - 3 = -0*b - b. Suppose h = 2*x - n, -n = -x - 2*n. Determine s(x).
2
Let t(a) be the second derivative of 0*a**3 + 0 - 3*a - 1/12*a**4 - a**2. Give t(-3).
-11
Let k(a) = -8*a - 14. Let c = -4 + 2. Let f be k(c). Let h(d) = f*d - 5 + 0 - d + 4 + 7*d**2. Determine h(1).
7
Let k(i) = i**3 - 2*i**2 - 5*i - 6. Let u = 2209 - 2205. Calculate k(u).
6
Suppose 2*n = -6, 4*h - 7 = 2*n - 5*n. Suppose 2*w - 4*j = -20, 4*w + j = h*j - 15. Let b(o) = -2*o - 7 + w*o + 3 + 14. Give b(8).
-6
Suppose 49 + 87 = 17*n. Suppose 2*i = 5*i - 3*m + 36, 0 = 2*i + 2*m + n. Let j(p) = p**3 + 8*p**2 - 1. Calculate j(i).
-1
Suppose 0 = 11*r - 1152 - 36. Let w be r/8 + 3/6. Suppose 0 = 5*k + w - 24. Let u(l) = -l**2 + l - 2. Give u(k).
-4
Let v(p) = 3 - 15067*p - 150